 13 - 0. Calculate the remainder when w is divided by h.
11
Let m be (-119)/(-21)*(-9)/(-1). Suppose 85 = 4*k + 5*g - m, 3*k - 102 = -g. What is the remainder when k is divided by 12?
10
Let r(s) = s**2 - 3*s - 4. Let n = -527 - -552. Calculate the remainder when n is divided by r(6).
11
Let l be (2 - (0 - -3))*-4. Suppose -4*n + 0*n - 34 = 5*s, l*n = -2*s - 16. What is the remainder when 21 is divided by (44/s)/((-12)/18)?
10
Let m(b) be the second derivative of -b**3/3 - b**2 + 11*b. Let l be m(1). Let p = 30 + l. What is the remainder when p is divided by 10?
6
Let c = 21 + -10. Suppose 2*f - c = -5. Suppose 0 = 6*y - f*y - 171. Calculate the remainder when y is divided by 15.
12
Suppose 4*o = 5*k - 219, -k = -4*o - 12 - 19. Suppose -t + k - 12 = 0. Let p(r) = 4*r - 7. What is the remainder when t is divided by p(4)?
8
Let y be ((-18)/(-30))/(2/10). Suppose 3*l - 110 = -41. What is the remainder when 44 - (1 - (-2 + y)) is divided by l?
21
Suppose -30 = -f + 5*u - 0*u, -f + 9 = 2*u. Suppose -2*m = -5*m + f. Calculate the remainder when 32 is divided by m.
2
Suppose -4*f + 18 = -2*f - 2*x, 4*x = 5*f - 44. What is the remainder when 164 is divided by f?
4
Suppose -9*u - 1190 = -23*u. Suppose 5*x - 25 = 0, -4*t + x + 71 = -12. Calculate the remainder when u is divided by t.
19
Suppose -204 = -2*y - 4*u, -4*u - 396 = -4*y - 8*u. What is the remainder when y is divided by 50?
46
Let r(b) = b**2 + 5*b - 7. Let a be r(-8). Let h(d) = d**2 - 13*d - 42. Calculate the remainder when h(a) is divided by 9.
8
Calculate the remainder when 147 is divided by ((-36)/(-22))/((-5)/(-55)).
3
Let t = 864 - 741. What is the remainder when t is divided by 42?
39
Suppose -66*v + 7803 = -15*v. What is the remainder when v is divided by 20?
13
Suppose -695 = -a + d + 3*d, 2856 = 4*a + 3*d. Calculate the remainder when a is divided by 89.
88
Let a be (-96)/(-9) + (-5)/(-15). Suppose -f + 2*j + 33 = 0, -4*f - 3*j = -110 - a. What is the remainder when f is divided by 18?
13
Let y = 253 + -135. Calculate the remainder when y is divided by 4.
2
Let s = -205 + 408. Calculate the remainder when s is divided by 70.
63
Let q = -78 - -83. Calculate the remainder when 13 is divided by q.
3
Let z = 1906 + -1032. Calculate the remainder when z is divided by 35.
34
Let k(l) = -l**2 + l + 46. Let h be k(-6). Let w(q) = 4*q**2 - 8*q. Calculate the remainder when w(h) is divided by 9.
5
Suppose h - 1302 = -5*s, 3*h = -25*s + 28*s - 774. Calculate the remainder when s is divided by 30.
20
Let m = 6 - -3. Let k be 21 - (0 - -3*2/(-3)). Let j = k - m. Calculate the remainder when 27 is divided by j.
13
Let a(t) = -9*t**3 - 3*t**2 + 6*t + 3. What is the remainder when a(-2) is divided by 17?
0
Suppose -321*w + 314*w = -98. Let u = 6 - 2. Calculate the remainder when w is divided by u.
2
Let o(m) = -m**3 - 5*m**2 - 2*m + 3. What is the remainder when 60 is divided by o(-5)?
8
Let i(s) = 35*s + 47. Calculate the remainder when i(0) is divided by 26/((2 + 0)/1).
8
Let c = 1938 + -1928. Calculate the remainder when 268 is divided by c.
8
Suppose -204 = -6*v + 2*v + 4*k, -v = k - 59. Let t = -40 + 45. Suppose -6 = 4*j - 2, t*g + 2*j - 93 = 0. What is the remainder when v is divided by g?
17
Suppose 28*g = 13230 - 3626. Calculate the remainder when g is divided by 48.
7
Let t = 41 + -20. Suppose 79 = 2*d - q + 2*q, d - 5*q = 34. Suppose 43 = p - 2*v - v, v = -p + d. Calculate the remainder when p is divided by t.
19
Suppose 0 = 8*n - 1161 + 97. Calculate the remainder when n is divided by 70.
63
Let v(b) = b**2 - 6*b - 8. Calculate the remainder when 29 is divided by v(-3).
10
Suppose 13*z - 4326 = -8*z. Calculate the remainder when z is divided by 15.
11
Let y be (1 + -6)/(2/(-2)). Suppose 0 = -0*j - 3*j + 2*a + 33, -y*a + 28 = j. Suppose o = 2*o - 8. What is the remainder when j is divided by o?
5
Let h = -15 + 32. Suppose -m + 1 = -2. Suppose -4*j + 4*z = -16 - 28, -m*z + 3 = 3*j. Calculate the remainder when h is divided by j.
5
Let b(g) = 17*g + 7. Let a be b(-3). Let i = a - -83. What is the remainder when 154 is divided by i?
37
Suppose -13*h - 51 = -246. What is the remainder when 25 is divided by h?
10
Let l(j) be the first derivative of -5/2*j**2 - 8*j - 3. Calculate the remainder when 50 is divided by l(-5).
16
Suppose 0 = 3*l + 4 + 5. Let m(w) = -4*w - 4. Let b be m(l). Suppose 6*o - b*o = -20. Calculate the remainder when o is divided by 4.
2
Let g = -704 + 1262. Calculate the remainder when g is divided by 51.
48
Suppose 2*o + 17 = o. Let l = 6 - o. Calculate the remainder when (0 + 17)*(0 + 4) is divided by l.
22
Let q(c) be the second derivative of -c**4/12 - 5*c**3 - c**2/2 + 9*c. Calculate the remainder when q(-7) is divided by 54.
52
Let j = -75 - -85. Let m be 333/(-6)*6/9. Let x = m - -64. What is the remainder when x is divided by j?
7
Suppose 0 = -3*g, 10*n + 2*g = 7*n + 234. What is the remainder when n is divided by 28?
22
Let u(c) = -7*c. Let w be u(-4). Suppose 2*a = -4*g + 16, 4*a = -2*g + w + 22. What is the remainder when 41 is divided by a?
13
Suppose -27*l + 28*l - 38 = 2*b, -5*b + 100 = 4*l. What is the remainder when 359 is divided by l?
29
Let w(i) = 44*i**2 + 2*i - 2. Let t be w(2). Suppose -82 - t = -13*l. What is the remainder when l is divided by 7?
6
Let u(z) = z**2 + 19*z + 47. Calculate the remainder when 83 is divided by u(-19).
36
Let r(b) = -3*b - 1. Suppose 0 = 2*f + 4. Let y be r(f). Suppose 37 = y*h - 3*x, 3*h = x + x + 23. Calculate the remainder when h is divided by 3.
2
Let h be (-5 - 31)/(0 - -1). Let i(l) = -l**3 - l**2 + 3. Let g be i(-3). What is the remainder when 22 is divided by (h/g)/((-6)/21)?
4
Suppose -3*z + 4 = -z. Suppose 2*y - 5*i + 4*i = 9, y = 2*i. What is the remainder when y is divided by z?
0
Let u(t) = -9*t**2 - 49*t - 3. What is the remainder when 422 is divided by u(-5)?
14
Let s = 684 - 628. Calculate the remainder when s is divided by (-38)/4*(-1 + -1).
18
Suppose -u + 3*y + 6 = 2*u, 8 = 4*u + 2*y. Suppose 0*w - w = -u*z - 9, 3*z + 10 = w. What is the remainder when 41 is divided by w?
6
Suppose -10*d + 6*d + 56 = 0. What is the remainder when 2/8 - 438/(-8) is divided by d?
13
Let d(r) = -r**2 + 11. Let i = -232 + 274. What is the remainder when i is divided by d(0)?
9
Let a = -138 + 178. What is the remainder when a is divided by 35?
5
Let s = 32 - 23. Suppose 11*k - s = 10*k. What is the remainder when 33 is divided by k?
6
Let u(v) be the third derivative of -13*v**4/12 - 5*v**3/6 - 43*v**2. What is the remainder when u(-2) is divided by (17/2)/((-1)/(-2))?
13
Let z(p) = 9*p + 3. Let j be z(4). Let w = j + -28. Suppose 0 = -2*d + 24 + 58. What is the remainder when d is divided by w?
8
Let r(o) be the first derivative of 2*o**3/3 - 7*o**2 + 17*o - 5. What is the remainder when r(8) is divided by 7?
5
Suppose -3*n = 3*c - 24, -3 = 3*n - 0*n. Let o be -4 - (-5 - 2)*1. Suppose 4*z - 70 = -2*r, -47 - 5 = -o*z - r. Calculate the remainder when z is divided by c.
8
Let y be (1/3)/((-5)/(-75)). Suppose 5*h = -2*t - 3, -5*h + 40 = y*t - 2*h. Let i = t - -1. Calculate the remainder when 47 is divided by i.
11
Let s(f) = 8*f - 13. Let l be s(2). Suppose 0 = l*t + 60 - 396. What is the remainder when t is divided by 29?
25
Suppose -i = -15 - 19. Suppose l - i = -l. Let o = l - -45. What is the remainder when o is divided by 21?
20
Suppose -1118 = -4*l + 10*p - 5*p, 2*l = -3*p + 548. Calculate the remainder when l is divided by 47.
42
Suppose -2*b - 420 = -9*b. What is the remainder when 49 is divided by ((-2)/(-4))/(-3 - (-186)/b)?
4
Let j = -409 + 429. Calculate the remainder when 34 is divided by j.
14
Suppose 5*v - 5*t = 45, -48 = -4*v - 38*t + 39*t. What is the remainder when 21 is divided by v?
8
Let i(p) be the third derivative of p**5/60 + p**4/6 - p**3/6 - 2*p**2. Let s be i(-3). Let v(u) = -3*u - 4. What is the remainder when 21 is divided by v(s)?
5
Let k = 21 - -6. Suppose -2*q + k + 18 = -p, -5*q + 2*p = -112. Let b(s) = 22*s**2 - 2. What is the remainder when b(2) is divided by q?
20
Suppose -2*w = -o + 17 + 54, 3*w - 163 = -2*o. Calculate the remainder when o is divided by 44.
33
Suppose -t = -3*x - 3, -x = -5*x. What is the remainder when t/(-1) + 49 + -5 is divided by 15?
11
Let h(s) = -79*s + 797. Calcu